t x = 19 + -8. Suppose 3*c = 2*k - 10, 2*k + c - 26 = -0*c. Let o = x + k. What is the tens digit of o?
2
Suppose -23 = -3*v + 2*d, 3*d = 2*v + 3*v - 37. Let h = v - 2. Suppose 5*r = h*r + 22. What is the units digit of r?
1
Let b(d) be the third derivative of -d**6/120 + d**5/5 - 5*d**4/12 - 7*d**3/6 + 2*d**2. What is the units digit of b(11)?
4
Let l(t) = t**2 - 9*t + 5. Let v be l(8). What is the units digit of 20 + 3/v + -1?
8
Let o = 1 - 7. What is the tens digit of o/(9/6 - 2)?
1
Let s = 28 + -15. What is the units digit of s?
3
What is the units digit of (-173)/(-3) - ((-80)/(-12) - 6)?
7
Suppose 0 = 3*k - 11 - 388. What is the units digit of k?
3
Suppose -5*a + 160 + 0 = 0. Let g = 7 + a. What is the tens digit of g?
3
Let u(x) = -2*x + 23 + 3*x - 15. What is the tens digit of u(10)?
1
Let y be 15 + ((-9)/(-3) - 2). Suppose 2*d + y = -4*w, 3*w + 3*d = 5*w. What is the units digit of 4 + -4 - (w + 0)?
3
Let j(m) = 0*m**2 + 7*m + 7 - m + m**2. Let n be j(-5). Suppose -5*y - s + 47 = -0*s, n = s. What is the units digit of y?
9
Let n(i) = 3 + 2*i + 3*i + i**2 - 2*i. Let m be 0 + (2/(-2) - 2). What is the units digit of n(m)?
3
Let v(s) = s**2 + 2*s + 3. What is the tens digit of v(-6)?
2
Let x = -7 + 198. What is the tens digit of x?
9
Let d(i) = 5*i**2 + 1 + 4*i + 0 - i**2 + 2 + i**3. Let j be d(-2). Let h = j + 1. What is the units digit of h?
4
Let b(w) = 2*w**2 - 3*w + 2. Let j be b(3). Suppose -4*f + 5 = -j. What is the units digit of 6/f*(-6)/(-1)?
9
Let h(f) = -4*f - 6. Let v be h(9). Let a = 70 + v. What is the tens digit of a?
2
Suppose -436 = -y - 105. What is the tens digit of y?
3
Let r(w) = w**2 + 2. Let k = -7 + 3. Let u = k + 4. What is the units digit of r(u)?
2
Suppose -4*p + l + 2*l + 468 = 0, 2*l = 3*p - 351. What is the hundreds digit of p?
1
Let h = 0 + 58. What is the units digit of h?
8
Suppose -8 = -q + 3*q, -4*y - 2*q + 200 = 0. What is the units digit of y?
2
Let y = -6 + 5. Let i be (1/y - 0)*-7. Let v(o) = -o + 8. What is the units digit of v(i)?
1
Suppose 2*a - 4*a - 12 = 0. Let k = a - -10. Suppose -k = 2*j, o + 0*o = j + 3. What is the units digit of o?
1
Let f = -4 - -11. Let p(t) be the third derivative of t**4/12 - 7*t**3/6 - t**2. What is the units digit of p(f)?
7
What is the units digit of (239 - -2)*((0 - -1) + 0)?
1
Let q(x) = 3*x**2 + x - 1. What is the units digit of q(4)?
1
Suppose v - 2*p + 8 = 0, 5*p = -v + 2*p + 7. Let l be 1*(16/(-2))/v. Let f(d) = d**3 - 4*d**2 + 4*d. What is the units digit of f(l)?
6
Suppose 4*o = -2*p + 44, 3*o + 4*p - 38 = 5. Let w = -8 + o. What is the units digit of w?
1
Let i be 4*1 + (-9)/9. Suppose 5*p = i*a + 60, 2*a = 4*a. What is the tens digit of p?
1
Suppose -4*o = 2*p - 22, -4*o + 3*o = 3. What is the tens digit of p?
1
Let f be 4/6 - 3/(-9). Let i be f/5 - 26/5. What is the units digit of 1/i*-8*5?
8
Suppose -82 - 8 = -3*r. What is the units digit of r?
0
Let s be (7 - 9)/((-4)/14). Let p(g) = 3*g - 11. Let a(y) = -y + 4. Let o(w) = s*a(w) + 2*p(w). What is the tens digit of o(-5)?
1
Let k(g) = 218*g - 9. What is the units digit of k(2)?
7
Let c = -21 - -75. What is the units digit of c?
4
Let x = -9 + 15. Let b be 3/(x/4)*1. Suppose 3*s - b = 1. What is the units digit of s?
1
Suppose -4*p + 98 = -f, 10 = -2*p + 2. What is the tens digit of 6/(-15) - f/10?
1
Let d(c) = c**3 + c**2 - c + 2. Let o be d(-2). Let y be o - (-8 - 0)/2. Let j(p) = 2*p - 2. What is the units digit of j(y)?
6
Let v(y) = 3*y**2 - 11*y - 27. What is the tens digit of v(-5)?
0
Let b = 1 - -1. What is the units digit of b?
2
Suppose 2*j + 0 = 8. Suppose -5*p - k + 85 = -p, j*k - 60 = -2*p. What is the units digit of p?
0
Let v be (-14)/1 - 7/(-7). Let u = v + 39. What is the units digit of u?
6
Let b(p) = p**2 - 2. Let v = 2 - 3. Let u be ((-5)/5)/(v/3). What is the units digit of b(u)?
7
Let n(k) = k**3 + 12*k**2 - 5*k - 13. What is the units digit of n(-9)?
5
Suppose -3*p + 7*p + 24 = 0. Let s(c) = -c**2 + 3*c + 5. Let b be s(5). Let v = b - p. What is the units digit of v?
1
Suppose -3*m - 70 = -8*m. What is the tens digit of m?
1
Suppose 0 = 3*m + 2*z, 2*m + 4*z = -m. Let l be 27/(-6)*(-2)/3. What is the units digit of (l - -1) + (m - 1)?
3
Let i = -2 - -4. Suppose -i - 13 = -3*n. What is the units digit of n?
5
What is the tens digit of 41/(-2)*(17 - 19)?
4
Let l(h) be the first derivative of -h**4/24 + h**3/6 + 3*h**2/2 - 2. Let p(w) be the second derivative of l(w). What is the units digit of p(-4)?
5
Let u be 5/2 - (-1)/(-2). Suppose -t + 4 = u*b, 2*t - 3*b - 12 = -8*b. What is the units digit of 36/10 + t/(-10)?
4
Let g(h) = -3*h + 25 - 9*h - 33 - h**2. Let c be g(-6). Suppose 4*a = -0*a + c. What is the units digit of a?
7
Suppose -2*h + 7*h + 80 = 0. What is the units digit of 90/4 - 8/h?
3
Let o(t) = t**2 - 7*t + 5. Let z be o(7). Suppose z*a = 5*c + 25 + 40, 0 = 5*a - 3*c - 55. What is the units digit of a + 2/(-6)*-3?
9
Suppose -242 = -2*p + 4*f, 0 = p - 0*f + 2*f - 125. What is the tens digit of p?
2
Suppose c - 4*y - 21 = 0, 0*c = 4*c + 4*y - 104. What is the units digit of c?
5
Let x be (-76)/(-18) + 14/(-63). Let h be (1 + 3)*2/x. Suppose -w - 2*b = b - 19, 50 = 3*w + h*b. What is the units digit of w?
6
Let h = -72 + 110. What is the tens digit of h?
3
Let a(m) be the second derivative of m**5/30 + m**4/12 + m**3/6 + 3*m. Let b(n) be the second derivative of a(n). What is the tens digit of b(3)?
1
Suppose -1881 + 451 = -5*o. What is the hundreds digit of o?
2
Let u = -2 + 1. Let q be 37/4 + u/4. Suppose -4*y + 2 = -2*i, -y - 2*y + q = i. What is the units digit of y?
2
Let w = 145 - 45. Let d = w + -59. What is the tens digit of d?
4
Suppose -4*f = -2*c + 34, 0 = 3*f - 2*f + 4. Let n be (2/2)/(3/c). Suppose -n*g = -5*i + 2, -10 = -6*g + g + 5*i. What is the units digit of g?
6
Let r = 8 + -3. Suppose -i + j + 23 = 0, r*i - j - 80 = i. Suppose 3*h - i = 20. What is the tens digit of h?
1
Suppose t - 17 = -3*j, -4*j - j - 5 = -5*t. Suppose -j*p - 68 = -o - 3*o, -o + 14 = -4*p. What is the tens digit of o?
1
Let q be 2 - (1 - (13 - 3)). Let a = 22 - q. What is the units digit of a?
1
Suppose -s + 5*q - 18 = 0, -4*s + 15 + 9 = 4*q. What is the units digit of 1/s - 46/(-4)?
2
Let u(w) = -w**2 + 9*w - 9. Let f = 14 + 0. Suppose -k = k - f. What is the units digit of u(k)?
5
Suppose -5*d + 0*d = -100. What is the units digit of d?
0
Let o be (-522)/(-33) - 6/(-33). Suppose 5*z + 24 = 5*r - o, r + 2 = -4*z. Let j = r + -1. What is the units digit of j?
5
Suppose 0 = -3*w + 4*n + 38, 22 = 2*w - 2*n - 0*n. Let t = 22 - w. What is the tens digit of t?
1
Let m(s) = -s**3 + 11*s**2 - 10*s + 1. Let n be m(10). Suppose y - 4 = -l, 0 = -3*y + l + n + 3. What is the units digit of y?
2
Suppose -37 + 1 = -2*g. What is the tens digit of g?
1
Let s be -8 - 6/(-9)*3. Let u = s + 10. What is the units digit of u?
4
Let g = 7 - 7. Suppose 0 = -5*r + 5*l + 80, 4*l + g = 4. What is the tens digit of r?
1
Let n be 2*6/9*-3. What is the units digit of 40*n*3/(-30)?
6
Let a(d) = 5*d. Let z be a(1). Suppose z*s - k - 8 = 3*k, -6 = -5*s + 3*k. What is the units digit of (-7 + s)*(3 + -4)?
7
Let w(l) = -27*l + 33. What is the tens digit of w(-4)?
4
Let q be -1*-1*92*13. What is the units digit of q/65*(-10)/(-4)?
6
Suppose 2*m = -4*v + 82, -4*v + 2*m = 6*m - 80. Suppose 13*s - 12*s = v. What is the units digit of s?
1
Let l(h) = 2*h**3 - h**2 + 5*h + 1. Let r(f) = -3*f**3 + 2*f**2 - 6*f. Let p be (-2)/1 - 1/1. Let q(i) = p*r(i) - 4*l(i). What is the tens digit of q(4)?
2
Let s = -111 + 112. What is the units digit of s?
1
Let j(k) be the second derivative of -k**3/6 + 3*k**2/2 - 2*k. What is the units digit of j(-13)?
6
Let a = -13 + 24. Let m = 3 + 0. Suppose m*c - a = o - 2*o, c = 3. What is the units digit of o?
2
Suppose 3*m + 219 = 6*m. What is the units digit of m?
3
Suppose 130 = 5*s - 0*s. What is the tens digit of s?
2
What is the hundreds digit of 4 + -3 + -1 - (-348 - -2)?
3
Let x = 14 + 6. Suppose 2*j - x = -4*u, -u - 2*j + 3 = -2. Suppose -5*m + 10 = -u. What is the units digit of m?
3
Let y = 0 + 5. Suppose 3*w + 5 = 2*g - 8, -y*g + 3*w + 19 = 0. Suppose -16 = -g*l - 0*l. What is the units digit of l?
8
Let p(s) be the first derivative of -s**4/4 + 13*s**3/3 - 11*s**2/2 - 5*s - 3. 